{"id":31,"date":"2025-09-10T09:47:23","date_gmt":"2025-09-10T09:47:23","guid":{"rendered":"https:\/\/moming.familiehofer.ch\/?page_id=31"},"modified":"2025-10-05T13:44:57","modified_gmt":"2025-10-05T13:44:57","slug":"tarife","status":"publish","type":"page","link":"https:\/\/moming.familiehofer.ch\/?page_id=31","title":{"rendered":"Tarife"},"content":{"rendered":"\n<h2 class=\"wp-block-heading\">(Stand Januar 2025)<\/h2>\n\n\n\n<p><\/p>\n\n\n\n<div class=\"wp-block-group is-vertical is-layout-flex wp-container-core-group-is-layout-fe9cc265 wp-block-group-is-layout-flex\">\n<h3 class=\"wp-block-heading\"><strong>Vermietung<\/strong><\/h3>\n\n\n\n<p>Wir unterscheiden zwischen Sommer und Winter<\/p>\n\n\n\n<figure class=\"wp-block-table\"><table class=\"has-fixed-layout\"><tbody><tr><td>Sommer<\/td><td>1. Mai bis 31. Oktober<\/td><\/tr><tr><td>Winter<\/td><td>1. November bis 30. April<\/td><\/tr><\/tbody><\/table><\/figure>\n\n\n\n<h3 class=\"wp-block-heading\"><br><strong>Chalet Moming<\/strong><\/h3>\n\n\n\n<p>Der Grundpreis f\u00fcr 4 Personen bel\u00e4uft sich auf:<\/p>\n\n\n\n<figure class=\"wp-block-table\"><table class=\"has-fixed-layout\"><tbody><tr><td>Sommer<\/td><td>Fr. 140 \/ Nacht<\/td><\/tr><tr><td>Winter<\/td><td>Fr. 160 \/ Nacht<\/td><\/tr><\/tbody><\/table><\/figure>\n\n\n\n<p>Dieser ist zu bezahlen, wenn das Chalet ohne ein Genossenschaftsmitglied gemietet wird. F\u00fcr jede weitere Person s. Tarife pro Nacht.<\/p>\n\n\n\n<p><\/p>\n\n\n\n<h3 class=\"wp-block-heading\"><strong>Tarif pro Nacht<\/strong><\/h3>\n\n\n\n<p>F\u00fcr Personen welche mit einem Genossenschaftsmitglied das Chalet ben\u00fctzen und f\u00fcr Personen im Coucou gelten folgende Tarife:<\/p>\n\n\n\n<figure class=\"wp-block-table\"><table class=\"has-fixed-layout\"><tbody><tr><td>Erwachsene<\/td><td>Fr. 30 \/ Nacht<\/td><\/tr><tr><td>Student*innen \/ Lehrlinge (16 bis 25 J.)<\/td><td>Fr. 20 \/ Nacht<\/td><\/tr><tr><td>Kinder (2 bis 15 J.)<\/td><td>Fr. 10 \/ Nacht<\/td><\/tr><\/tbody><\/table><\/figure>\n<\/div>\n\n\n\n<p><\/p>\n\n\n\n<div class=\"wp-block-group is-vertical is-layout-flex wp-container-core-group-is-layout-fe9cc265 wp-block-group-is-layout-flex\">\n<p><\/p>\n\n\n\n<h3 class=\"wp-block-heading\"><strong>Kurtaxen<\/strong><\/h3>\n\n\n\n<p>Die Kurtaxen sind im Preis inbegriffen. Es gibt 8 \u201ePass Anniviers Libert\u00e9\u201c welche sich in der Hausbar im Chalet Moming befinden. Mit diesen gibt es vom Juni bis Oktober verschiedene Verg\u00fcnstigungen. Viele Bahnen sind damit gratis und auch das Postauto innerhalb des Tales. Bitte die Karten nach Gebrauch wieder in die Hausbar zur\u00fccklegen f\u00fcr die n\u00e4chsten Besucher.<\/p>\n\n\n\n<p><\/p>\n\n\n\n<h3 class=\"wp-block-heading\"><strong>Bankverbindung<\/strong><\/h3>\n\n\n\n<p>Valiant Bank, 3001 Bern<br>IBAN-Nr.:&nbsp;CH62 0630 0507 7789 2368 1<br>Genossenschaft Chalets Moming et Coucou<br>Route de l&#8217;Irette 16<br>3961 Grimentz<\/p>\n\n\n\n<p><\/p>\n\n\n\n<h3 class=\"wp-block-heading\"><strong>Einzahlungsschein<\/strong><\/h3>\n\n\n\n<figure class=\"wp-block-image size-full\"><img loading=\"lazy\" decoding=\"async\" width=\"615\" height=\"287\" src=\"https:\/\/moming.familiehofer.ch\/wp-content\/uploads\/2025\/09\/QRCode_Moming.png\" alt=\"\" class=\"wp-image-59\" srcset=\"https:\/\/moming.familiehofer.ch\/wp-content\/uploads\/2025\/09\/QRCode_Moming.png 615w, https:\/\/moming.familiehofer.ch\/wp-content\/uploads\/2025\/09\/QRCode_Moming-300x140.png 300w\" sizes=\"auto, (max-width: 615px) 100vw, 615px\" \/><\/figure>\n<\/div>\n","protected":false},"excerpt":{"rendered":"<p>(Gp<br \/><strong>Vermietung<\/strong><br \/>Wir unterscheiden zwischen Sommer und Winter.<\/p>\n<p><strong>Sommer<\/strong>:<br \/>1. Mai bis 31. Oktober<br \/>Winter:<br \/>1. November bis 30. April<br \/>\u00a0<br \/><strong>Geb\u00fchren f\u00fcr G\u00e4ste, die mit uns das Chalet ben\u00fctzen:<\/strong><\/p>\n<p>Erwachsene<br \/>Fr. 30.00 \/ Nacht<br \/>Student*innen \/ Lehrlinge (16 bis 25 J.)<br \/>Fr. 20.00 \/ Nacht<br \/>Kinder (2 bis 16 J.)<br \/>Fr. 10.00 \/ Nacht<br \/>Diese Tarife gelten auch, wenn unsere Kinder mit ihren Freunden das Chalet ben\u00fctzen.<br \/>\u00a0<br \/><strong>Chalet Moming<\/strong><\/p>\n<p>Sommer:<br \/>Fr. 140.00 \/ Nacht<br \/>Winter:<br \/>Fr. 160.00 \/ Nacht<br \/>Dies ist der Grundpreis f\u00fcr 4 Personen.<br \/>Jede weitere Person zahlt pro Nacht soviel wie die G\u00e4ste, die mit uns kommen:<br \/>Erwachsene Fr. 30.00<br \/>Student*innen Fr. 20.00<br \/>Kinder Fr. 10.00<br \/>\u00a0<br \/><strong>Cou-Cou<\/strong><br \/>Sommer:<\/p>\n<p>Erwachsene<br \/>Fr. 30.00 \/ Nacht<br \/>Student*innen \/ Lehrlinge (16 bis 25 J.)<br \/>Fr. 20.00 \/ Nacht<br \/>Kinder (2 bis 16 J.)<br \/>Fr. 10.00 \/ Nacht<br \/>\u00a0<br \/>Winter:<\/p>\n<p>Erwachsene<br \/>Fr. 30.00 \/ Nacht<br \/>Student*innen \/ Lehrlinge (16 bis 25 J.)<br \/>Fr. 20.00 \/ Nacht<br \/>Kinder (2 bis 16 J.)<br \/>Fr. 10.00 \/ Nacht<br \/>\u00a0<br \/><strong>Kurtaxen<\/strong><br \/>Die Kurtaxen sind im Preis inbegriffen. Es gibt 8 \u201ePass Anniviers Libert\u00e9\u201c welche sich in der Hausbar im Chalet Moming befinden. Mit diesen gibt es vom Juni bis Oktober verschiedene Verg\u00fcnstigungen. Viele Bahnen sind damit gratis und auch das Postauto innerhalb des Tales. Bitte die Karten nach Gebrauch wieder in die Hausbar zur\u00fccklegen f\u00fcr die n\u00e4chsten Besucher.<br \/>\u00a0<br \/><strong>Bankverbindung:<\/strong><br \/>Valiant Bank, 3001 Bern<br \/>IBAN-Nr.:\u00a0CH62 0630 0507 7789 2368 1<br \/>Genossenschaft Chalets Moming et Coucou<br \/>Route de l&#8217;Irette 16<br \/>3961 Grimentz<br \/>\u00a0<br \/><strong>Einzahlungsschein:<\/strong><\/p>\n","protected":false},"author":1,"featured_media":0,"parent":0,"menu_order":51,"comment_status":"closed","ping_status":"closed","template":"","meta":{"ngg_post_thumbnail":0,"footnotes":""},"class_list":["post-31","page","type-page","status-publish","hentry"],"_links":{"self":[{"href":"https:\/\/moming.familiehofer.ch\/index.php?rest_route=\/wp\/v2\/pages\/31","targetHints":{"allow":["GET"]}}],"collection":[{"href":"https:\/\/moming.familiehofer.ch\/index.php?rest_route=\/wp\/v2\/pages"}],"about":[{"href":"https:\/\/moming.familiehofer.ch\/index.php?rest_route=\/wp\/v2\/types\/page"}],"author":[{"embeddable":true,"href":"https:\/\/moming.familiehofer.ch\/index.php?rest_route=\/wp\/v2\/users\/1"}],"replies":[{"embeddable":true,"href":"https:\/\/moming.familiehofer.ch\/index.php?rest_route=%2Fwp%2Fv2%2Fcomments&post=31"}],"version-history":[{"count":9,"href":"https:\/\/moming.familiehofer.ch\/index.php?rest_route=\/wp\/v2\/pages\/31\/revisions"}],"predecessor-version":[{"id":110,"href":"https:\/\/moming.familiehofer.ch\/index.php?rest_route=\/wp\/v2\/pages\/31\/revisions\/110"}],"wp:attachment":[{"href":"https:\/\/moming.familiehofer.ch\/index.php?rest_route=%2Fwp%2Fv2%2Fmedia&parent=31"}],"curies":[{"name":"wp","href":"https:\/\/api.w.org\/{rel}","templated":true}]}}